when 15559361 is divided by 273.
272
Calculate the remainder when 5303142 is divided by 2492.
166
Calculate the remainder when 3772677 is divided by 56.
13
Calculate the remainder when 66861 is divided by 8319.
309
Calculate the remainder when 7157508 is divided by 34.
32
Calculate the remainder when 531548 is divided by 75935.
3
What is the remainder when 5926867 is divided by 179?
177
What is the remainder when 14378443 is divided by 209?
79
Calculate the remainder when 802962 is divided by 37.
25
Calculate the remainder when 63001 is divided by 740.
101
What is the remainder when 39264 is divided by 39151?
113
Calculate the remainder when 250755341 is divided by 1148.
1145
Calculate the remainder when 143703 is divided by 278.
255
Calculate the remainder when 617010 is divided by 308368.
274
What is the remainder when 30280444 is divided by 10093453?
85
Calculate the remainder when 1494576 is divided by 99.
72
What is the remainder when 1088091 is divided by 15?
6
Calculate the remainder when 2127007 is divided by 52.
51
What is the remainder when 367485 is divided by 3309?
186
What is the remainder when 21039 is divided by 8?
7
Calculate the remainder when 14678016 is divided by 14677939.
77
What is the remainder when 1483212 is divided by 96?
12
What is the remainder when 504346 is divided by 4943?
160
What is the remainder when 1357644 is divided by 8932?
8912
Calculate the remainder when 69636 is divided by 5339.
229
Calculate the remainder when 7119437 is divided by 7119436.
1
Calculate the remainder when 2709686 is divided by 4829.
617
What is the remainder when 178327 is divided by 19814?
1
What is the remainder when 1345596 is divided by 672425?
746
What is the remainder when 75670 is divided by 18873?
178
What is the remainder when 11719747 is divided by 893?
15
What is the remainder when 815492 is divided by 1282?
140
What is the remainder when 6292938 is divided by 2097570?
228
Calculate the remainder when 307248 is divided by 43892.
4
What is the remainder when 1306932 is divided by 144968?
2220
Calculate the remainder when 13663799 is divided by 1197.
44
What is the remainder when 10508520 is divided by 1376?
8
What is the remainder when 3703095 is divided by 7635?
120
What is the remainder when 159978 is divided by 298?
250
What is the remainder when 214759 is divided by 71492?
283
What is the remainder when 18897192 is divided by 3429?
3402
What is the remainder when 314347961 is divided by 28?
25
What is the remainder when 5378513 is divided by 1792806?
95
What is the remainder when 123726 is divided by 1057?
57
Calculate the remainder when 194184 is divided by 48439.
428
What is the remainder when 1953431 is divided by 690?
41
Calculate the remainder when 21116373 is divided by 509.
508
What is the remainder when 12462439 is divided by 415?
404
Calculate the remainder when 130374 is divided by 32563.
122
What is the remainder when 3727107 is divided by 130?
7
What is the remainder when 1031326 is divided by 36832?
30
What is the remainder when 18968809 is divided by 772?
769
What is the remainder when 200445 is divided by 210?
105
Calculate the remainder when 462605 is divided by 92509.
60
Calculate the remainder when 18841507 is divided by 795.
7
Calculate the remainder when 29539298 is divided by 29539136.
162
Calculate the remainder when 219059 is divided by 7301.
29
Calculate the remainder when 3742566 is divided by 1087.
25
Calculate the remainder when 662095 is divided by 4941.
1
Calculate the remainder when 1313779007 is divided by 992.
991
Calculate the remainder when 58053 is divided by 5803.
23
What is the remainder when 104890 is divided by 2553?
217
What is the remainder when 3233131 is divided by 6021?
5875
What is the remainder when 101119193 is divided by 42?
35
Calculate the remainder when 512540078 is divided by 2263.
2260
What is the remainder when 3439734 is divided by 5486?
12
What is the remainder when 460572877 is divided by 4720?
4717
Calculate the remainder when 9826686 is divided by 8766.
0
What is the remainder when 18801 is divided by 4257?
1773
What is the remainder when 469658121 is divided by 3971?
9
What is the remainder when 38706198 is divided by 532?
6
Calculate the remainder when 258205 is divided by 608.
413
What is the remainder when 97143 is divided by 3582?
429
Calculate the remainder when 36053534 is divided by 5.
4
What is the remainder when 6110356 is divided by 3055174?
8
Calculate the remainder when 3184351 is divided by 1414.
23
Calculate the remainder when 2148521 is divided by 68.
61
Calculate the remainder when 291982 is divided by 1482.
28
Calculate the remainder when 952059563 is divided by 1524.
1523
Calculate the remainder when 17765767 is divided by 1615069.
8
What is the remainder when 2182877 is divided by 145476?
737
What is the remainder when 22748 is divided by 11144?
460
What is the remainder when 61480045 is divided by 11012?
49
Calculate the remainder when 13692349 is divided by 999.
55
What is the remainder when 666120 is divided by 8652?
8568
Calculate the remainder when 33555 is divided by 6423.
1440
Calculate the remainder when 23322954 is divided by 4673.
11
Calculate the remainder when 180277 is divided by 770.
97
Calculate the remainder when 4860731 is divided by 693.
29
What is the remainder when 9280209 is divided by 454?
449
What is the remainder when 579792887 is divided by 51?
50
What is the remainder when 99987705 is divided by 87?
84
What is the remainder when 199072 is divided by 3116?
2764
What is the remainder when 2077567 is divided by 27?
25
Calculate the remainder when 1221557 is divided by 12724.
53
Calculate the remainder when 26113293 is divided by 2166.
2163
What is the remainder when 2364048 is divided by 1182010?
28
Calculate the remainder when 1555510 is divided by 3626.
3582
Calculate the remainder when 12259 is divided by 960.
739
What is the remainder when 105247 is divided by 493?
238
Calculate the remainder when 185142 is divided by 1833.
9
What is the remainder when 745485647 is divided by 48?
47
Calculate the remainder when 702498 is divided by 2097.
3
What is the remainder when 110654 is divided by 609?
425
Calculate the remainder when 125012345 is divided by 92.
77
What is the remainder when 3240419 is divided by 90011?
23
What is the remainder when 229255 is divided by 57259?
219
Calculate the remainder when 2163842 is divided by 145.
7
What is the remainder when 251130 is divided by 12089?
9350
What is the remainder when 17397003 is divided by 3095?
8
Calculate the remainder when 49266693 is divided by 36.
9
What is the remainder when 146163 is divided by 2183?
2085
What is the remainder when 58427466 is divided by 14924?
6
Calculate the remainder when 17231 is divided by 47.
29
Calculate the remainder when 3136974 is divided by 420.
414
What is the remainder when 112181 is divided by 14021?
13
Calculate the remainder when 107268057 is divided by 11918673.
0
What is the remainder when 415106 is divided by 4512?
2
Calculate the remainder when 216266791 is divided by 332.
331
Calculate the remainder when 20706745 is divided by 90819.
13
Calculate the remainder when 117817447 is divided by 4228.
4227
What is the remainder when 1146915 is divided by 1232?
1155
Calculate the remainder when 161970 is divided by 80859.
252
What is the remainder when 281048 is divided by 281004?
44
Calculate the remainder when 423601 is divided by 228.
205
What is the remainder when 40660693 is divided by 39?
34
What is the remainder when 14099058 is divided by 3524756?
34
What is the remainder when 3004801 is divided by 981?
979
Calculate the remainder when 281413 is divided by 30.
13
Calculate the remainder when 1146231 is divided by 115.
26
Calculate the remainder when 434827 is divided by 108630.
307
What is the remainder when 97869 is divided by 7?
2
Calculate the remainder when 2171939 is divided by 14978.
129
What is the remainder when 1158391 is divided by 357?
283
What is the remainder when 3587548 is divided by 91988?
16
Calculate the remainder when 1930040 is divided by 52159.
157
What is the remainder when 14603517 is divided by 165949?
5
Calculate the remainder when 117574 is divided by 1122.
886
Calculate the remainder when 860107 i